0 - 6. What is the remainder when g is divided by u?
4
Let n(o) = -3*o + 7*o**2 + 0 + 5*o**2 - 4. Let g(p) = 2*p**2 - 1. What is the remainder when n(-2) is divided by g(3)?
16
Let a = 1 - -1. Let c(o) = 4*o**2 - 4*o + 2. What is the remainder when c(a) is divided by 4?
2
Suppose 0 = -2*g - 2*g + 204. Suppose -2*a + 49 = -g. Calculate the remainder when a is divided by 17.
16
Suppose -4*t + 4*m = -300, -5*t - 2*m = -4*m - 381. Let z = -41 + t. Let s = -183 + 202. Calculate the remainder when z is divided by s.
17
Let u = -3 - -7. What is the remainder when 22 is divided by u?
2
Let s(k) = k**2 - 5*k + 1. Let c be s(4). Let r be 4/c*15/10. Calculate the remainder when (-1 + 3*-2)*r is divided by 5.
4
Let n(j) = -6*j + 7. Let t be n(4). Let f = -2 - t. Calculate the remainder when (-260)/(-6) - (-4)/6 is divided by f.
14
Suppose 3*q - 28 = -n + 5*n, 2*q - 5*n - 28 = 0. Let r be (86/q)/((-1)/(-2)). Let t = -7 + r. Calculate the remainder when t is divided by 19.
17
Let n = 43 - 25. Let b = n - 14. Calculate the remainder when 6 is divided by b.
2
Suppose -3*f + 6 + 0 = 0. Suppose -s + f*s + p = 21, -5 = -5*p. Calculate the remainder when 58 is divided by s.
18
Suppose 0 = j + 2*j - 33. Calculate the remainder when 63 is divided by j.
8
Let z be (0 - (-2 - 28))/1. Suppose 5 = -5*i + z. Suppose 66 = i*u + 4*l, -2*l + 0 = -2*u + 12. Calculate the remainder when 18 is divided by u.
8
Suppose 5*l = 13*l - 32. Suppose 5*y - 32 - 88 = 0. Suppose y = l*n - 16. What is the remainder when n is divided by 6?
4
Suppose 3*j - 2*p - 20 = 0, 4*j = 2*j - 4*p - 8. Suppose 0 = 3*m + 4*u - 88 - 27, -j*u = -4. Calculate the remainder when m is divided by 10.
7
Suppose -5*u + 121 + 9 = 0. Calculate the remainder when 155 is divided by u.
25
Suppose -4*b - 4*l + 97 + 27 = 0, -b + 7 = -5*l. Let t = b - 18. Calculate the remainder when t is divided by 3.
0
Calculate the remainder when 74 is divided by (19/(-3))/(12/(-36)).
17
Suppose 1 = v + 3*f, 3*v - 2*v - 5*f = -15. Let j(s) = -s - 6. Let o be j(v). What is the remainder when -2 + o*(-1 + -21) is divided by 11?
9
Let y(k) = -8*k + 7. Calculate the remainder when y(-3) is divided by 5.
1
Let v be 0 + -1 + 23 + 1. Suppose -2*m + 3*m = 2*h - 30, -3*h = 4*m - v. Calculate the remainder when 38 is divided by h.
12
Suppose -2*y - 3*l + 29 = 0, y + 2*y - 52 = 4*l. Calculate the remainder when y is divided by 10.
6
Let d be (-1)/(-2)*(20 + 0). Suppose 5*o = d*o - 85. Calculate the remainder when 32 is divided by o.
15
Let i = -408 + 417. Suppose -41 = -3*s + 64. Calculate the remainder when s is divided by i.
8
Let b = 169 + -148. Calculate the remainder when 81 is divided by b.
18
Let r(v) = 16*v**3 - 2*v**2 + v. Let o(q) = -q**3 - q**2 - q + 4. Let u be o(-4). Suppose b + u = 3*b. Calculate the remainder when b is divided by r(1).
13
Suppose 24 = -5*a - 16. Let t = -1 - a. What is the remainder when 19 is divided by t?
5
Let n be (-2)/(-4) + 9/(-18). Let h = n - -21. Calculate the remainder when 81 is divided by h.
18
Let a = 10 - 7. Let m be ((-1)/(-2))/(a/156). Calculate the remainder when 1 - 2 - (0 - m) is divided by 9.
7
Suppose -3*a + 5 = -4, 3*m = 4*a + 48. Calculate the remainder when 38 is divided by m.
18
Suppose 3*s - 43 = 14. Suppose 5*p = x + 4, -4*p + 0*p - 16 = -4*x. Suppose 0 = 4*t - x - 22. Calculate the remainder when s is divided by t.
5
Let l(z) = z**3 - 14*z**2 + 4*z + 5. What is the remainder when l(14) is divided by 32?
29
Suppose 18*f - 370 = 13*f. What is the remainder when f is divided by 15?
14
Let j = 2 - -2. Suppose 3*r = -5*v + 205, 0 = -j*r - r + 25. Suppose 2*b - 43 = -3. What is the remainder when v is divided by b?
18
Let x(b) = -b**3 + 2*b**2 + 3*b + 3. Suppose 5 - 17 = -4*i. Calculate the remainder when 8 is divided by x(i).
2
Suppose 0 = -0*c - c - 2*x - 7, 5*x = -20. Let b(y) = -y**2 - 10*y - 8. What is the remainder when (-4 - -3) + c*25 is divided by b(-7)?
11
Let x = 12 - 7. Suppose -2*r + 0 + 10 = 0. Suppose -5*v - r*i = -10, 3*i - i + 2 = 0. Calculate the remainder when x is divided by v.
2
Let b(c) = -c**2 + 14*c - 9. What is the remainder when b(10) is divided by 17?
14
Let o(d) = d**2 - 7*d + 7. Let h be o(8). Suppose -3*x + 0*x - g = -19, -5*g = -x - h. Calculate the remainder when 9 is divided by x.
4
Let f = -13 + 35. Let w = 48 - f. Let p(k) = -k**3 + k**2 + k + 9. What is the remainder when w is divided by p(0)?
8
Let s(f) = f**3 - 7*f**2 - f + 38. What is the remainder when 123 is divided by s(7)?
30
Let i(m) = m**3 + 7*m**2 - m + 3. Let y = 7 + -13. What is the remainder when -9*-3*y/(-9) is divided by i(-7)?
8
Suppose -6*h + 3*h = -3*i + 114, -3*h = -i + 36. What is the remainder when 23 is divided by 8*1*i/26?
11
Suppose -2*k = -4*u - 68, -2*u - 5*k = -0*u + 46. Let l = 6 - -11. What is the remainder when l is divided by (-2)/(-2*(-2)/u)?
8
Let q(f) = f**3 - 5*f**2 - 8*f + 9. Let s be q(6). Let b be (((-117)/s)/3)/1. Let x = b - 10. What is the remainder when x is divided by 2?
1
Let v(y) = -y**3 - 12*y**2 - 2*y - 11. Let p(u) = -2*u**2 + 3*u + 2. Let g be p(-2). What is the remainder when v(g) is divided by 7/((-14)/(-4)) + 3?
3
Suppose 2*a - 10 = -2. Suppose -28 - a = -4*h. Suppose -5*t + h = -3*t. What is the remainder when 6 is divided by t?
2
Let v(y) = y**3 - y**3 - 5*y - 3*y**2 - 3 + 7*y - y**3. Calculate the remainder when 18 is divided by v(-4).
3
Let n(r) = -9*r + 0*r + 2*r**2 - r**2. Calculate the remainder when 28 is divided by n(10).
8
Let d(x) = -3*x**3 - 5*x - 5. Let v = 25 - 2. What is the remainder when d(-3) is divided by v?
22
Let n(s) = s**2 + 7*s + 8. Let z = -2 + 5. What is the remainder when z is divided by n(-6)?
1
Let n be 38/5 - 2/(-5). Suppose -n = -3*a + 5*f, -f + 34 = 2*a + 7. Calculate the remainder when 32 is divided by a.
10
Let k = -54 - -36. Calculate the remainder when 7 is divided by k/(-6) - (-2 + 1).
3
Let x = -25 - -75. Suppose 4*y = -3*v + 51, 9*y = v + 4*y - 17. What is the remainder when x is divided by v?
16
Let c(z) = -13*z - 1. Let b be (-6)/(-1)*(-1)/2. Let v = -72 - -85. What is the remainder when c(b) is divided by v?
12
Let u(r) = 7*r**2 - 7*r. Suppose 5*c = -0*c + 75. Calculate the remainder when u(3) is divided by c.
12
What is the remainder when (0 + 88)*(-5)/(-10) is divided by 9?
8
What is the remainder when 15 is divided by (-30)/(-4)*12/30?
0
Suppose 0 = -5*k - 0*k + 245. What is the remainder when k is divided by 25?
24
Suppose 0 = 3*v - 4*i - 45, i = 5*v - 8*v + 30. Let h = 30 + -9. What is the remainder when h is divided by v?
10
Let j = 2 - 2. Suppose i - 3 = -j*i. What is the remainder when 4 is divided by i?
1
Suppose 5*q = 4*w + 377, -5*q + 4*q - 5*w = -58. Calculate the remainder when q is divided by 24.
1
Suppose 0*m + 4 = -4*m. Let i = m + -1. What is the remainder when (i - -23) + (-4)/(-2) is divided by 8?
7
Let t = 5 - 0. Suppose 3*h - 163 = 5*m, 2*h - 255 = -3*h + t*m. Calculate the remainder when h is divided by -1 + (18*1 - 1).
14
Let z(c) = -c**2 - 12*c - 8. What is the remainder when 42 is divided by z(-10)?
6
Let v = 12 + -8. Let l be -2*(-5)/2 - 0. Suppose -l*c - 4 - 2 = -3*i, v*i + c - 31 = 0. What is the remainder when 19 is divided by i?
5
Let d = -89 + 100. Calculate the remainder when (-2 + (-76)/2)/(-1) is divided by d.
7
Let j(l) be the first derivative of -29*l**4/4 - l**3/3 + l + 1. Suppose -v - 6 = -t + 5, 5*v = -4*t + 35. What is the remainder when j(-1) is divided by t?
9
Suppose 296 = -4*r - 152. Calculate the remainder when 21 is divided by r/(-18) - (-2)/(-9).
3
Let k = 4 + 18. Calculate the remainder when 29 is divided by 1/(0 - (-2)/k).
7
Suppose 13 = 3*q - 35. What is the remainder when q is divided by 5?
1
Suppose 34 + 4 = 3*n + 4*u, -3*n + 2*u = -8. Suppose -n = -z + 8. Calculate the remainder when 26 is divided by z.
12
Suppose -3*h = 2*h. Suppose g - 3*l - 4 = 2, -2*g + l + 12 = h. What is the remainder when ((-12)/(-18))/(2/51) is divided by g?
5
Suppose 0 = 2*n + 3*z - 34 - 18, 5*n + 2*z - 108 = 0. Calculate the remainder when n is divided by 6.
2
Calculate the remainder when 2 is divided by 12/(-9)*6/(-4).
0
Suppose n - 6 = -n. Let o = 11 - n. What is the remainder when o is divided by 6?
2
Let y = 38 - 21. Suppose -4*i = -7*i - 4*w + 145, 0 = -i + 2*w + 35. Suppos